mmon divisor of i and 66?
11
Suppose 17*a - 821 + 107 = 0. Let o(y) = 6*y + 27. Let t be o(27). What is the highest common divisor of t and a?
21
Let k(r) = 145*r - 1291. Let c be k(10). Let a = 14 - 11. Calculate the greatest common divisor of a and c.
3
Let g = -1834 - -1916. What is the greatest common divisor of 246 and g?
82
Suppose -507 = -8*l - 171. Let n(i) = i**3 + 3*i**2 + i + 2. Let r be n(-4). Let d = 32 + r. Calculate the greatest common divisor of l and d.
14
Let y = -26 + 32. Suppose -y*f + 1100 = -f. What is the highest common factor of 40 and f?
20
Let i = 13 + -8. Suppose i*x - 533 - 287 = 0. Suppose -5*d + 3*g + 170 = 0, -x = -5*d - 2*g - 19. Calculate the highest common divisor of 341 and d.
31
Let s be 1 + 1031 + ((-6)/7 - (-2580)/903). What is the highest common factor of s and 110?
22
Let w(v) = -2*v**3 - 4*v**2 + 4. Let t be w(-2). Let r be (-30)/(-20) - (-2)/t. Suppose 6*z - r = 208. Calculate the greatest common divisor of z and 14.
7
Suppose 319 = 4*d + 3*i + 254, 3*d = 2*i + 70. What is the highest common factor of 59020 and d?
20
Let t = -251 - -253. Suppose -3*f + 4*f = t*c + 78, -4*f - 4*c = -264. Calculate the highest common factor of 30 and f.
10
Suppose -33*k + 1529 = -16291. Let g be ((-324)/48)/(9/(-60)). What is the highest common factor of g and k?
45
Let i = 3594 + -3549. Calculate the greatest common factor of 505 and i.
5
Let o(w) = -6*w**2 + 24*w - 21. Let k be o(14). Let x = 1169 + k. Calculate the highest common divisor of x and 66.
22
Suppose -11*b + 70*b - 590 = 0. Let i = 220 + -200. What is the highest common factor of b and i?
10
Let a(q) = 9*q**2 - 48*q + 115. Let i be a(20). Calculate the highest common divisor of i and 290.
145
Suppose -12 = d - 3*s, 0 = 4*d - 5*s + 2 + 11. Suppose n + 2*p + 8 = 32, -d*p = -n + 9. Let x be 24/n + 136/6. What is the greatest common divisor of x and 192?
24
Suppose -5*b - 11 - 9 = -v, 5*b = 4*v - 80. Let g be 4/(42/v - 2). Suppose 44 = -39*o + g*o. Calculate the highest common divisor of 484 and o.
44
Suppose 0 = 2*s + 130 - 706. Let q(y) = 6*y - 141. Let l be q(29). Suppose l = -15*x + 513. Calculate the greatest common factor of x and s.
32
Let j(z) = 37*z + 463. Let x be j(5). Calculate the greatest common divisor of x and 8.
8
Let p be (9/(225/10))/(2884/480 - 6). Calculate the highest common factor of p and 76.
4
Let z = -51 + -351. Let y = z + 412. What is the highest common factor of 4 and y?
2
Let f(y) = -7*y + 20. Suppose 1 = 6*s - 11. Let g be f(s). Calculate the greatest common divisor of 318 and g.
6
Let x be 24/21*(-42770)/(-188). Calculate the greatest common divisor of x and 220.
20
Let t = -79 - -233. Suppose 0 = 6*a - t - 74. What is the highest common divisor of 304 and a?
38
Suppose 2*r - 4*m - 25 = -3*r, -3*r = 2*m - 15. Let l be (r*(-16)/(-40))/((-1)/(-6)). Calculate the greatest common divisor of 444 and l.
12
Suppose 2*c - 15 = -n + 34, 245 = 9*c + n. What is the highest common divisor of 118 and c?
2
Let s(r) = r**3 + 49*r**2 - 226*r - 150. Let t be s(-53). What is the greatest common divisor of 3182 and t?
74
Let d(c) = -675*c - 2622. Let m be d(-4). Calculate the highest common factor of m and 3328.
26
Suppose y = z + 5, z + 3*y = -3*z + 8. Let n be 20/50*(16 + z). Calculate the greatest common divisor of n and 24.
6
Suppose -3926*k = -3936*k + 510. Suppose 0 = -6*g + 2*g + 12. Calculate the highest common divisor of g and k.
3
Suppose -141*i + 136*i = -s - 1959, -3*i + 2*s + 1167 = 0. Calculate the highest common factor of i and 17161.
131
Suppose 48*r + 29*r - 411796 = 0. What is the highest common factor of 28 and r?
28
Suppose 2*i + 25 = 7*i, 0 = -3*v - 2*i - 548. Let f be 1 + -3 - (v - (-2 + 13)). What is the greatest common divisor of f and 156?
39
Suppose -36*f = -38*f + 48. Let v be (0 - -32)*(4 + -2). Calculate the greatest common factor of f and v.
8
Let c = 301 - 190. Suppose -4*g = 5*o - c, -5*g + 39 = -0*o + o. Suppose 30 = o*i - 18*i. Calculate the greatest common factor of i and 75.
15
Let g be ((-68)/12 - -7)/((-1)/237). Let q = g + 336. Calculate the highest common divisor of q and 5.
5
Let i = 1 - -24. Let c = -3610 + 3615. What is the greatest common factor of i and c?
5
Let g(k) = 4*k**2 - 6*k + 126. Let j be g(-9). Suppose 0 = t - 4, 3*o + 164 = 4*o + 5*t. Calculate the highest common divisor of j and o.
72
Suppose -5*h - s = -132, 7*h - s - 138 = 2*h. Let m be -45 - ((-12)/2 + 5). Let t = 1 - m. Calculate the highest common factor of h and t.
9
Let c(s) = 2339*s - 271. Let l be c(1). What is the highest common divisor of 660 and l?
44
Suppose -3*b + 2947 = 5*o, 2*o - 2931 = -3*o + b. Suppose -28*h = -589 - o. What is the highest common divisor of h and 18?
6
Suppose -4*f - 2 = -5*f. Suppose 8*j + f*j = -2150. Let v = -123 - j. What is the greatest common divisor of v and 230?
46
Suppose -2*j + 3*s + 208 = 0, 3*j - 2*s + 384 = 7*j. Suppose -98 = 6*q + 232. Let i = q + j. Calculate the highest common factor of 387 and i.
43
Suppose 2045 - 16895 = -131*z + 125*z. What is the highest common divisor of 440 and z?
55
Let z = 225 - 218. Suppose 3*t = z*t - 80. What is the highest common factor of t and 100?
20
Suppose -1095 = -14*p - 395. Suppose 3*y - p + 44 = 0. What is the greatest common factor of 13 and y?
1
Let y = 185 - 181. Suppose -5*h + 3*w + 200 = 2*w, -4*h = y*w - 160. Calculate the greatest common factor of h and 5.
5
Let r(m) = m**2 + 26*m + 474. Let t be r(42). What is the highest common factor of 10 and t?
10
Let v be (0 + 4)*7/(56/292). Let l = 153 - v. Calculate the greatest common divisor of l and 112.
7
Let w(o) = -10*o - 3*o - 6*o**2 + 7*o**2. Let y be w(12). Let c be (-6)/9 - 536/y. Calculate the highest common divisor of c and 4.
4
Let r be (-297)/(-12) + (-10 - (-82)/8) - 4. Calculate the highest common factor of 123 and r.
3
Let g(h) = 252*h**2 - 16*h - 172. Let x be g(-7). What is the greatest common divisor of 12 and x?
12
Let k(s) = 901*s - 6854. Let z be k(12). What is the greatest common factor of z and 2?
2
Let w be -96*4/24*(-1491)/(-56)*-4. Calculate the greatest common divisor of 120 and w.
24
Suppose -411*t + 6 = -409*t. Suppose 7*c = 5*c + 4*m + 116, -325 = -5*c + t*m. What is the highest common divisor of 170 and c?
34
Suppose -2*j + 15 = r, -3*r + 3*j - 10 = -2*j. Suppose -2 + 5 = 3*x. Let l be (x/2)/((-13)/(-130)). Calculate the highest common factor of l and r.
5
Let d(t) = 71*t - 201. Let g be d(3). Let k be (1 - -161) + 7/42*g. Calculate the highest common factor of 1066 and k.
82
Let v = -447 - -449. Suppose 4*w - 56 = 3*s, v*s - 9 = -5*w + 38. Calculate the highest common factor of w and 583.
11
Suppose 60*p - 35084 = -7544. What is the highest common divisor of 135 and p?
27
Let u(d) = 2*d**3 - 9*d**2 - 8*d - 2. Let b be u(7). Let v = -353 + 320. Let x be (17/51)/((-1)/v). What is the highest common divisor of b and x?
11
Let x(m) = 23*m**2 + 16*m + 49. Let j be x(-6). Let d = -511 + j. What is the greatest common factor of d and 20?
10
Let m be (-3)/((90/48)/5). Let k be 1098/m*2/3*-6. Calculate the greatest common divisor of k and 61.
61
Suppose -4*y = -3*j + 8261, 0 = 4*j - 115*y + 116*y - 10983. What is the highest common factor of 82 and j?
41
Let v(b) = -b + 6 + 9*b - 1 - 7*b. Let g be v(-17). Let y be 17 + -3*16/g. What is the highest common factor of 63 and y?
21
Let r = 13 - 9. Suppose 2*o - r*o = -110. Suppose -4*s + 36 = 4*x, -2*x + 31 = x + 4*s. What is the greatest common divisor of o and x?
5
Let o = -318 - -498. Let n be 98/49 + (-9)/((-180)/(-136))*-5. Calculate the highest common factor of n and o.
36
Suppose 0 = 6*d - 3*d - 45. Let g be 2/9 - ((-170)/45 + 4). Suppose -385 = -3*f + 4*q, g*q + 2*q - 550 = -4*f. What is the greatest common divisor of f and d?
15
Suppose -58*o + 4760 = -44*o. What is the greatest common divisor of o and 900?
20
Let j be (-11)/(55/20) + 38. Suppose 0 = 4*g - 8, -5*g - j = -2*c + 36. Calculate the greatest common factor of c and 60.
20
Let o(t) = -37*t + 596. Let l be o(-12). Calculate the greatest common divisor of l and 90.
10
Suppose 21*t + 12 = 19*t, 2331 = 3*j + t. Calculate the greatest common factor of j and 1026.
19
Let r be 10448/60 - -2 - (-9)/(1620/(-24)). What is the greatest common factor of 198 and r?
22
Suppose 